millions digit of 1232600920?
2
What is the units digit of 91471504?
4
What is the hundred millions digit of 380680687?
3
What is the thousands digit of 127828353?
8
What is the units digit of 4332770?
0
What is the billions digit of 1602502991?
1
What is the thousands digit of 68871208?
1
What is the millions digit of 338027611?
8
What is the hundreds digit of 1344147226?
2
What is the hundreds digit of 501867523?
5
What is the hundred millions digit of 390714234?
3
What is the ten thousands digit of 1119654490?
5
What is the billions digit of 1087700902?
1
What is the millions digit of 230709631?
0
What is the hundred thousands digit of 800398469?
3
What is the ten millions digit of 19403912?
1
What is the ten thousands digit of 109605249?
0
What is the ten thousands digit of 141846307?
4
What is the millions digit of 1577227265?
7
What is the units digit of 371424718?
8
What is the tens digit of 1388694522?
2
What is the millions digit of 98256481?
8
What is the thousands digit of 179738517?
8
What is the hundred thousands digit of 370011226?
0
What is the millions digit of 3241341851?
1
What is the ten thousands digit of 924904885?
0
What is the millions digit of 331208485?
1
What is the hundred millions digit of 2889586902?
8
What is the hundred thousands digit of 561033450?
0
What is the units digit of 70710816?
6
What is the ten thousands digit of 37633747?
3
What is the millions digit of 1072386957?
2
What is the hundreds digit of 63789361?
3
What is the millions digit of 5935993218?
5
What is the billions digit of 5040123941?
5
What is the hundreds digit of 207031590?
5
What is the millions digit of 258302661?
8
What is the tens digit of 11706047?
4
What is the billions digit of 4758937853?
4
What is the hundred millions digit of 3998943111?
9
What is the millions digit of 202602989?
2
What is the units digit of 59228613?
3
What is the ten millions digit of 24688794?
2
What is the thousands digit of 569457843?
7
What is the units digit of 6482710491?
1
What is the hundreds digit of 133053601?
6
What is the thousands digit of 1208807484?
7
What is the units digit of 44962097?
7
What is the units digit of 67267158?
8
What is the thousands digit of 433084933?
4
What is the hundreds digit of 69199584?
5
What is the ten millions digit of 1046584903?
4
What is the millions digit of 82654626?
2
What is the units digit of 889568616?
6
What is the units digit of 114052064?
4
What is the tens digit of 3254001868?
6
What is the millions digit of 37342021?
7
What is the ten millions digit of 413366544?
1
What is the millions digit of 592071717?
2
What is the hundred thousands digit of 18317547?
3
What is the ten millions digit of 189643415?
8
What is the millions digit of 5426234549?
6
What is the ten thousands digit of 458641704?
4
What is the ten millions digit of 130517009?
3
What is the units digit of 589582089?
9
What is the thousands digit of 1182489322?
9
What is the hundred thousands digit of 378880321?
8
What is the tens digit of 386926750?
5
What is the hundred millions digit of 152797308?
1
What is the thousands digit of 445449876?
9
What is the units digit of 156800199?
9
What is the tens digit of 48886501?
0
What is the units digit of 33781308?
8
What is the millions digit of 895883332?
5
What is the ten millions digit of 100133495?
0
What is the hundred millions digit of 1248609440?
2
What is the hundred thousands digit of 430225554?
2
What is the hundreds digit of 934853013?
0
What is the hundred thousands digit of 102223001?
2
What is the hundred thousands digit of 206990969?
9
What is the hundred thousands digit of 23461067?
4
What is the ten millions digit of 2967751903?
6
What is the units digit of 412454563?
3
What is the hundred millions digit of 2491457709?
4
What is the ten millions digit of 78535437?
7
What is the billions digit of 1734167035?
1
What is the ten millions digit of 8643293948?
4
What is the units digit of 101095881?
1
What is the thousands digit of 59664899?
4
What is the billions digit of 3509572933?
3
What is the hundred millions digit of 312644717?
3
What is the hundred millions digit of 173330649?
1
What is the hundreds digit of 1701166990?
9
What is the thousands digit of 765959227?
9
What is the units digit of 160502422?
2
What is the ten millions digit of 615811836?
1
What is the tens digit of 2476980645?
4
What is the millions digit of 776219880?
6
What is the tens digit of 135497638?
3
What is the hundred millions digit of 8209523813?
2
What is the hundred thousands digit of 7651553?
6
What is the tens digit of 193930187?
8
What is the hundreds digit of 28036075?
0
What is the units digit of 605015808?
8
What is the hundreds digit of 2181990899?
8
What is the hundred thousands digit of 1720369149?
3
What is the units digit of 17388245?
5
What is the tens digit of 315689894?
9
What is the hundred millions digit of 663941855?
6
What is the tens digit of 135593244?
4
What is the hundreds digit of 59020095?
0
What is the units digit of 218498739?
9
What is the ten thousands digit of 1035394848?
9
What is the hundred millions digit of 169820115?
1
What is the millions digit of 1711339734?
1
What is the ten millions digit of 215633466?
1
What is the thousands digit of 214467700?
7
What is the millions digit of 1081791097?
1
What is the ten thousands digit of 736295153?
9
What is the units digit of 28512869?
9
What is the units digit of 189354085?
5
What is the hundred millions digit of 127515121?
1
What is the ten thousands digit of 218070228?
7
What is the tens digit of 114256029?
2
What is the thousands digit of 14466455?
6
What is the hundreds digit of 105545628?
6
What is the units digit of 10984140?
0
What is the ten thousands digit of 1680422937?
2
What is the billions digit of 3822815410?
3
What is the hundred thousands digit of 116227163?
2
What is the tens digit of 47596320?
2
What is the ten millions digit of 162985755?
6
What is the thousands digit of 858666459?
6
What is the millions digit of 54074491?
4
What is the millions digit of 290613488?
0
What is the units digit of 65161361?
1
What is the hundred thousands digit of 57731615?
7
What is the tens digit of 255620841?
4
What is the units digit of 6231776073?
3
What is the ten millions digit of 1584331500?
8
What is the tens digit of 250894681?
8
What is the millions digit of 1326181748?
6
What is the hundred thousands digit of 127089845?
0
What is the ten millions digit of 44096413?
4
What is the tens digit of 175278747?
4
What is the thousands digit of 170503975?
3
What is the ten millions digit of 5547664333?
4
What is the millions digit of 86119636?
6
What is the hundreds digit of 314111772?
7
What is the hundred thousands digit of 422507147?
5
What is the tens digit of 1254354518?
1
What is the tens digit of 29176219?
1
What is the ten thousands digit of 1647511649?
1
What is the hundred millions digit of 2933198008?
9
What is the hundreds digit of 529173807?
8
What is the hundred thousands digit of 57438327?
4
What is the hundred thousands digit of 51504618?
5
What is the units digit of 591187188?
8
What is the ten millions digit of 168648999?
6
What is the hundred thousands digit of 140014969?
0
What is the units digit of 17894193?
3
What is the thousands digit of 143164938?
4
What is the units digit of 16847104?
4
What is the units digit of 2955661?
1
What is the millions digit of 50214784?
0
What is the millions digit of 21190574?
1
What is the thousands digit of 129762884?
2
What is the ten millions digit of 1828288687?
2
What is the units digit of 628969631?
1
What is the hundred millions digit of 1728611286?
7
What is the ten millions digit of 182790262?
8
What is the billions digit of 1043966673?
1
What is the thousands digit of 706847624?
7
What is the hundred thousands digit of 58340453?
3
What is the millions digit of 549597875?
9
What is the ten thousands digit of 87955911?
5
What is the millions digit of 978202634?
8
What is the thousands digit of 150993613?
3
What is the hundreds digit of 1060339237?
2
What is the thousands digit of 1056727131?
7
What is the ten thousands digit of 81391454?
9
What is the hundred millions digit of 114361228?
1
What is the units digit of 617873242?
2
What is the ten thousands digit of 54